{"id":89,"date":"2024-11-27T16:29:59","date_gmt":"2024-11-27T15:29:59","guid":{"rendered":"https:\/\/www.gen-it.fr\/?page_id=89"},"modified":"2024-12-27T17:22:17","modified_gmt":"2024-12-27T16:22:17","slug":"telephonie","status":"publish","type":"page","link":"https:\/\/www.gen-it.fr\/?page_id=89","title":{"rendered":"T\u00e9l\u00e9phonie"},"content":{"rendered":"\t\t<div data-elementor-type=\"wp-page\" data-elementor-id=\"89\" class=\"elementor elementor-89\">\n\t\t\t\t<div class=\"elementor-element elementor-element-f75ea9f e-flex e-con-boxed e-con e-parent\" data-id=\"f75ea9f\" data-element_type=\"container\" data-e-type=\"container\">\n\t\t\t\t\t<div class=\"e-con-inner\">\n\t\t\t\t\t<\/div>\n\t\t\t\t<\/div>\n\t\t<div class=\"elementor-element elementor-element-dcfccfb e-flex e-con-boxed e-con e-parent\" data-id=\"dcfccfb\" data-element_type=\"container\" data-e-type=\"container\">\n\t\t\t\t\t<div class=\"e-con-inner\">\n\t\t\t\t<div class=\"elementor-element elementor-element-a7bd1d8 elementor-widget elementor-widget-heading\" data-id=\"a7bd1d8\" data-element_type=\"widget\" data-e-type=\"widget\" data-widget_type=\"heading.default\">\n\t\t\t\t<div class=\"elementor-widget-container\">\n\t\t\t\t\t<h1 class=\"elementor-heading-title elementor-size-default\"><h1 class=\"elementor-heading-title elementor-size-default elementor-inline-editing pen\" data-elementor-setting-key=\"title\" data-pen-placeholder=\"\u00c9crivez ici...\" style=\"text-align: center\">Modernisez vos communications avec des solutions t\u00e9l\u00e9phoniques innovantes.<br><\/h1><\/h1>\t\t\t\t<\/div>\n\t\t\t\t<\/div>\n\t\t\t\t\t<\/div>\n\t\t\t\t<\/div>\n\t\t<div class=\"elementor-element elementor-element-8bba12d e-flex e-con-boxed e-con e-parent\" data-id=\"8bba12d\" data-element_type=\"container\" data-e-type=\"container\">\n\t\t\t\t\t<div class=\"e-con-inner\">\n\t\t\t\t<div class=\"elementor-element elementor-element-e20188e elementor-widget elementor-widget-text-editor\" data-id=\"e20188e\" data-element_type=\"widget\" data-e-type=\"widget\" data-widget_type=\"text-editor.default\">\n\t\t\t\t<div class=\"elementor-widget-container\">\n\t\t\t\t\t\t\t\t\t<p class=\"MsoNormal\">Anticipez la fin des lignes analogiques et modernisez vos communications avec Gen-IT. Nous proposons des solutions de t\u00e9l\u00e9phonie num\u00e9rique con\u00e7ues pour am\u00e9liorer votre collaboration interne et r\u00e9duire vos co\u00fbts.\u00a0<\/p>\t\t\t\t\t\t\t\t<\/div>\n\t\t\t\t<\/div>\n\t\t\t\t\t<\/div>\n\t\t\t\t<\/div>\n\t\t<div class=\"elementor-element elementor-element-134614f e-flex e-con-boxed e-con e-parent\" data-id=\"134614f\" data-element_type=\"container\" data-e-type=\"container\">\n\t\t\t\t\t<div class=\"e-con-inner\">\n\t\t<div class=\"elementor-element elementor-element-8d5bc0f e-con-full e-flex e-con e-child\" data-id=\"8d5bc0f\" data-element_type=\"container\" data-e-type=\"container\">\n\t\t\t\t<div class=\"elementor-element elementor-element-a819450 elementor-widget elementor-widget-image\" data-id=\"a819450\" data-element_type=\"widget\" data-e-type=\"widget\" data-widget_type=\"image.default\">\n\t\t\t\t<div class=\"elementor-widget-container\">\n\t\t\t\t\t\t\t\t\t\t\t\t\t\t\t<img decoding=\"async\" width=\"165\" height=\"170\" src=\"https:\/\/www.gen-it.fr\/wp-content\/uploads\/2024\/12\/Capture-decran-2024-12-10-153901.png\" class=\"attachment-large size-large wp-image-631\" alt=\"\" sizes=\"100vw\" \/>\t\t\t\t\t\t\t\t\t\t\t\t\t\t\t<\/div>\n\t\t\t\t<\/div>\n\t\t\t\t<\/div>\n\t\t<div class=\"elementor-element elementor-element-3e9d754 e-con-full e-flex e-con e-child\" data-id=\"3e9d754\" data-element_type=\"container\" data-e-type=\"container\">\n\t\t\t\t<div class=\"elementor-element elementor-element-479f1c2 elementor-widget elementor-widget-text-editor\" data-id=\"479f1c2\" data-element_type=\"widget\" data-e-type=\"widget\" data-widget_type=\"text-editor.default\">\n\t\t\t\t<div class=\"elementor-widget-container\">\n\t\t\t\t\t\t\t\t\t<p class=\"MsoNormal\"><b>3CX et Microsoft Teams<\/b><\/p><p class=\"MsoNormal\">Standard t\u00e9l\u00e9phonique\u00a0: gestion centralis\u00e9e de vos appels entrants et sortants.<\/p><p class=\"MsoNormal\">Softphone\u00a0: transformez vos ordinateurs ou smartphones en postes t\u00e9l\u00e9phoniques professionnels.<\/p><p class=\"MsoNormal\"><span style=\"color: var( --e-global-color-text ); font-family: var( --e-global-typography-text-font-family ), Sans-serif; font-weight: var( --e-global-typography-text-font-weight ); text-align: var(--text-align);\">Int\u00e9gration collaborative\u00a0: Synchronisation des contacts<\/span><\/p>\t\t\t\t\t\t\t\t<\/div>\n\t\t\t\t<\/div>\n\t\t\t\t<\/div>\n\t\t\t\t\t<\/div>\n\t\t\t\t<\/div>\n\t\t<div class=\"elementor-element elementor-element-61029da e-flex e-con-boxed e-con e-parent\" data-id=\"61029da\" data-element_type=\"container\" data-e-type=\"container\">\n\t\t\t\t\t<div class=\"e-con-inner\">\n\t\t<div class=\"elementor-element elementor-element-b18e87d e-con-full e-flex e-con e-child\" data-id=\"b18e87d\" data-element_type=\"container\" data-e-type=\"container\">\n\t\t\t\t<div class=\"elementor-element elementor-element-63ba407 elementor-widget elementor-widget-image\" data-id=\"63ba407\" data-element_type=\"widget\" data-e-type=\"widget\" data-widget_type=\"image.default\">\n\t\t\t\t<div class=\"elementor-widget-container\">\n\t\t\t\t\t\t\t\t\t\t\t\t\t\t\t<img decoding=\"async\" width=\"215\" height=\"183\" src=\"https:\/\/www.gen-it.fr\/wp-content\/uploads\/2024\/12\/Capture-decran-2024-12-10-153847.png\" class=\"attachment-large size-large wp-image-632\" alt=\"\" sizes=\"100vw\" \/>\t\t\t\t\t\t\t\t\t\t\t\t\t\t\t<\/div>\n\t\t\t\t<\/div>\n\t\t\t\t<\/div>\n\t\t<div class=\"elementor-element elementor-element-551b170 e-con-full e-flex e-con e-child\" data-id=\"551b170\" data-element_type=\"container\" data-e-type=\"container\">\n\t\t\t\t<div class=\"elementor-element elementor-element-6a91b32 elementor-widget elementor-widget-text-editor\" data-id=\"6a91b32\" data-element_type=\"widget\" data-e-type=\"widget\" data-widget_type=\"text-editor.default\">\n\t\t\t\t<div class=\"elementor-widget-container\">\n\t\t\t\t\t\t\t\t\t<p class=\"MsoNormal\"><b>Solutions mobiles professionnelles<\/b><\/p>\n<p class=\"MsoNormal\">Choisissez parmi une gamme compl\u00e8te de forfaits, avec la possibilit\u00e9 d\u2019une migration sans interruption pour vos lignes actuelles&nbsp;<\/p>\t\t\t\t\t\t\t\t<\/div>\n\t\t\t\t<\/div>\n\t\t\t\t<\/div>\n\t\t\t\t\t<\/div>\n\t\t\t\t<\/div>\n\t\t<div class=\"elementor-element elementor-element-afd2165 e-flex e-con-boxed e-con e-parent\" data-id=\"afd2165\" data-element_type=\"container\" data-e-type=\"container\">\n\t\t\t\t\t<div class=\"e-con-inner\">\n\t\t\t\t<div class=\"elementor-element elementor-element-b19bed4 elementor-widget elementor-widget-text-editor\" data-id=\"b19bed4\" data-element_type=\"widget\" data-e-type=\"widget\" data-widget_type=\"text-editor.default\">\n\t\t\t\t<div class=\"elementor-widget-container\">\n\t\t\t\t\t\t\t\t\t<p class=\"MsoNormal\">Nos experts s\u2019occupent de l\u2019ensemble de la configuration et de la formation de vos \u00e9quipes. <br \/>Am\u00e9liorez votre flexibilit\u00e9, r\u00e9duisez vos co\u00fbts et b\u00e9n\u00e9ficiez d\u2019un syst\u00e8me \u00e9volutif, pr\u00eat \u00e0 r\u00e9pondre aux besoins futurs.\u00a0<\/p>\t\t\t\t\t\t\t\t<\/div>\n\t\t\t\t<\/div>\n\t\t\t\t\t<\/div>\n\t\t\t\t<\/div>\n\t\t<div class=\"elementor-element elementor-element-fd39c70 e-flex e-con-boxed e-con e-parent\" data-id=\"fd39c70\" data-element_type=\"container\" data-e-type=\"container\">\n\t\t\t\t\t<div class=\"e-con-inner\">\n\t\t\t\t<div class=\"elementor-element elementor-element-0e082c2 elementor-align-center elementor-widget elementor-widget-button\" data-id=\"0e082c2\" data-element_type=\"widget\" data-e-type=\"widget\" data-widget_type=\"button.default\">\n\t\t\t\t<div class=\"elementor-widget-container\">\n\t\t\t\t\t\t\t\t\t<div class=\"elementor-button-wrapper\">\n\t\t\t\t\t<a class=\"elementor-button elementor-button-link elementor-size-sm\" href=\"https:\/\/www.gen-it.fr\/?page_id=80\">\n\t\t\t\t\t\t<span class=\"elementor-button-content-wrapper\">\n\t\t\t\t\t\t\t\t\t<span class=\"elementor-button-text\">Demandez des informations compl\u00e9mentaires<\/span>\n\t\t\t\t\t<\/span>\n\t\t\t\t\t<\/a>\n\t\t\t\t<\/div>\n\t\t\t\t\t\t\t\t<\/div>\n\t\t\t\t<\/div>\n\t\t\t\t\t<\/div>\n\t\t\t\t<\/div>\n\t\t\t\t<\/div>\n\t\t","protected":false},"excerpt":{"rendered":"<p>Modernisez vos communications avec des solutions t\u00e9l\u00e9phoniques innovantes. Anticipez la fin des lignes analogiques et modernisez vos communications avec Gen-IT. Nous proposons des solutions de t\u00e9l\u00e9phonie num\u00e9rique con\u00e7ues pour am\u00e9liorer votre collaboration interne et r\u00e9duire vos co\u00fbts.\u00a0 3CX et Microsoft Teams Standard t\u00e9l\u00e9phonique\u00a0: gestion centralis\u00e9e de vos appels entrants et sortants. Softphone\u00a0: transformez vos ordinateurs &hellip; <\/p>\n<p class=\"link-more\"><a href=\"https:\/\/www.gen-it.fr\/?page_id=89\" class=\"more-link\">Lire la suite de<span class=\"screen-reader-text\">\u00ab\u00a0T\u00e9l\u00e9phonie\u00a0\u00bb<\/span><\/a><\/p>\n","protected":false},"author":4,"featured_media":0,"parent":0,"menu_order":0,"comment_status":"closed","ping_status":"closed","template":"","meta":{"inspiro_hide_title":false,"footnotes":""},"class_list":["post-89","page","type-page","status-publish","hentry"],"featured_media_urls":[],"_links":{"self":[{"href":"https:\/\/www.gen-it.fr\/index.php?rest_route=\/wp\/v2\/pages\/89","targetHints":{"allow":["GET"]}}],"collection":[{"href":"https:\/\/www.gen-it.fr\/index.php?rest_route=\/wp\/v2\/pages"}],"about":[{"href":"https:\/\/www.gen-it.fr\/index.php?rest_route=\/wp\/v2\/types\/page"}],"author":[{"embeddable":true,"href":"https:\/\/www.gen-it.fr\/index.php?rest_route=\/wp\/v2\/users\/4"}],"replies":[{"embeddable":true,"href":"https:\/\/www.gen-it.fr\/index.php?rest_route=%2Fwp%2Fv2%2Fcomments&post=89"}],"version-history":[{"count":28,"href":"https:\/\/www.gen-it.fr\/index.php?rest_route=\/wp\/v2\/pages\/89\/revisions"}],"predecessor-version":[{"id":1057,"href":"https:\/\/www.gen-it.fr\/index.php?rest_route=\/wp\/v2\/pages\/89\/revisions\/1057"}],"wp:attachment":[{"href":"https:\/\/www.gen-it.fr\/index.php?rest_route=%2Fwp%2Fv2%2Fmedia&parent=89"}],"curies":[{"name":"wp","href":"https:\/\/api.w.org\/{rel}","templated":true}]}}